 factor of 1981861 and 2821.
217
Calculate the highest common factor of 79 and 122830069.
79
What is the highest common factor of 4494 and 29609682?
642
What is the greatest common factor of 7012 and 12?
4
Calculate the highest common factor of 694535 and 5015.
85
What is the highest common factor of 12030448 and 616776?
6632
What is the highest common divisor of 7905 and 112880?
85
Calculate the highest common factor of 57456729 and 54.
27
What is the highest common divisor of 220752 and 1584903?
219
Calculate the highest common factor of 100989 and 179928.
441
Calculate the greatest common divisor of 992190587 and 167.
167
Calculate the greatest common factor of 124050 and 5125746.
4962
Calculate the highest common divisor of 15122744 and 26.
26
Calculate the greatest common factor of 707070 and 1494402.
3822
What is the highest common divisor of 4876 and 9916565?
1219
What is the greatest common factor of 1536 and 106278?
6
Calculate the greatest common factor of 3918 and 59136333.
1959
Calculate the highest common factor of 54 and 181479.
3
Calculate the highest common factor of 6596 and 739835393.
1649
What is the highest common factor of 603667 and 5?
1
Calculate the greatest common factor of 18048 and 6669864.
1128
What is the highest common divisor of 152 and 10742581?
19
What is the greatest common factor of 8680 and 4133912?
248
Calculate the highest common factor of 490468 and 6887.
71
What is the greatest common factor of 96 and 597672840?
24
Calculate the greatest common factor of 27228 and 653206527.
6807
Calculate the greatest common divisor of 858 and 38522978.
26
Calculate the greatest common factor of 122 and 14112167.
61
What is the greatest common divisor of 1212108065 and 140?
35
Calculate the highest common factor of 1564 and 2304554.
782
What is the highest common divisor of 527022 and 1854?
18
Calculate the greatest common divisor of 27364711 and 11.
11
What is the greatest common factor of 229840 and 1967920?
1360
Calculate the highest common divisor of 1093500 and 888840.
540
Calculate the greatest common divisor of 99628106 and 2313.
257
Calculate the greatest common factor of 24534 and 67479404.
2726
What is the highest common divisor of 681760 and 9600?
160
Calculate the greatest common factor of 19861241 and 349.
349
What is the greatest common factor of 202283 and 1194301?
2771
Calculate the highest common factor of 10525 and 1790092.
421
What is the highest common divisor of 2 and 17626067?
1
Calculate the highest common factor of 256602359 and 601.
601
Calculate the greatest common factor of 963315106 and 4436.
2218
What is the greatest common factor of 133383987 and 9?
9
What is the greatest common factor of 17264 and 117165373?
1079
Calculate the greatest common factor of 212940 and 539280.
1260
Calculate the highest common divisor of 12143157 and 5013.
1671
What is the greatest common factor of 7584 and 172530312?
1896
Calculate the highest common divisor of 11 and 10482307.
11
Calculate the greatest common factor of 9536080 and 25870.
1990
Calculate the highest common factor of 96624 and 51423.
183
Calculate the greatest common factor of 45243225 and 38005.
3455
What is the greatest common factor of 1384 and 39755746?
346
What is the greatest common divisor of 2247 and 53170761?
2247
Calculate the highest common divisor of 22251935 and 965.
965
What is the highest common factor of 376170422 and 61288?
15322
Calculate the greatest common factor of 23 and 74609263.
23
What is the highest common divisor of 8 and 2091867944?
8
What is the highest common divisor of 198002 and 5278?
14
Calculate the greatest common factor of 16370008 and 6680.
1336
What is the greatest common divisor of 5452 and 92512262?
2726
Calculate the highest common divisor of 54 and 6088706.
2
Calculate the highest common divisor of 1440 and 18265860.
180
Calculate the highest common divisor of 66 and 824214.
6
What is the highest common factor of 5226 and 2205573?
201
What is the greatest common factor of 7949375 and 161?
161
Calculate the highest common divisor of 3366777 and 3.
3
Calculate the highest common divisor of 253 and 2067861.
23
Calculate the greatest common divisor of 1147 and 171399.
31
Calculate the greatest common factor of 87 and 104923827.
87
Calculate the highest common factor of 491123 and 42304.
661
What is the greatest common factor of 1888770 and 23490?
870
What is the greatest common factor of 18148 and 838084?
52
Calculate the greatest common divisor of 6510 and 336840.
210
What is the highest common divisor of 1615 and 844577?
17
Calculate the greatest common divisor of 24 and 49564404.
12
Calculate the highest common divisor of 11975320 and 24168.
152
Calculate the highest common factor of 43737 and 29962713.
717
What is the greatest common factor of 153 and 7295839?
17
What is the highest common divisor of 4417168 and 448?
112
Calculate the greatest common factor of 1326881657 and 2474.
1237
What is the greatest common divisor of 67800 and 452904?
2712
What is the greatest common factor of 86305 and 1267210?
2105
Calculate the greatest common divisor of 40612 and 738062.
26
What is the greatest common divisor of 3184 and 978560?
16
Calculate the highest common factor of 14991900 and 1232.
308
What is the highest common divisor of 109155 and 96133?
383
What is the greatest common divisor of 347863012 and 140?
28
Calculate the highest common divisor of 4336 and 89128648.
2168
What is the highest common factor of 812 and 583233616?
812
What is the greatest common factor of 9178 and 291578?
706
Calculate the greatest common divisor of 17292810 and 10.
10
Calculate the highest common divisor of 240 and 139473330.
30
Calculate the greatest common divisor of 1000 and 12387250.
250
Calculate the highest common divisor of 33 and 164775.
3
What is the highest common factor of 54505 and 2497?
11
What is the highest common factor of 714 and 17556294?
42
Calculate the greatest common factor of 203121 and 30978.
9
What is the greatest common divisor of 784 and 2069858?
98
Calculate the highest common divisor of 3605 and 71190098.
721
Calculate the greatest common factor of 130 and 288510105.
65
What is the greatest common factor of 2652 and 1725672?
156
Calculate the greatest common divisor of 2610 and 74273031.
261
What is the highest common factor of 23 and 49165789?
23
Calculate the highest common factor of 71 and 80766547.
71
What is the greatest common divisor of 169809 and 31458?
321
Calculate the highest common factor of 541364075 and 5.
5
Calculate the greatest common factor of 2318730 and 10.
10
What is the greatest common factor of 18590 and 75752560?
1690
Calculate the greatest common factor of 1295580 and 5764.
44
What is the highest common divisor of 24 and 7302072?
24
Calculate the greatest common divisor of 40810 and 4158.
154
What is the greatest common divisor of 97138 and 4046?
34
What is the greatest common divisor of 409395 and 3300?
15
What is the highest common divisor of 53746814 and 2024?
506
What is the greatest common divisor of 62637828 and 36632?
964
What is the highest common divisor of 854 and 1968165?
61
Calculate the highest common factor of 45373 and 340376.
157
Calculate the highest common divisor of 329 and 15517050.
47
What is the greatest common factor of 48 and 247360176?
48
What is the highest common divisor of 54632 and 3112?
8
Calculate the greatest common factor of 84 and 14519148.
84
Calculate the highest common factor of 78993 and 35763.
393
Calculate the greatest common divisor of 142659 and 1065816.
1179
Calculate the highest common factor of 7482 and 15985680.
258
Calculate the greatest common divisor of 1629552 and 1328.
16
Calculate the greatest common factor of 16 and 17002736.
16
Calculate the highest common factor of 2401443 and 335280.
4191
What is the greatest common factor of 1680 and 32716880?
560
Calculate the highest common divisor of 2853260 and 11456.
716
What is the highest common factor of 165578385 and 85?
85
Calculate the highest common factor of 4947631 and 713.
31
Calculate the highest common factor of 141118 and 46250.
74
Calculate the highest common divisor of 528431 and 3397.
79
What is the highest common factor of 198 and 590526?
18
Calculate the grea